me number?
False
Is 8972643157 a prime number?
True
Is 33008534231 a prime number?
True
Is 39654516961 a prime number?
False
Is 4715329583 composite?
False
Is 1372672969 a prime number?
False
Is 61032098909 composite?
False
Is 732044153 composite?
False
Is 18146712023 prime?
False
Is 18108515167 composite?
False
Is 2570420371 composite?
False
Is 4319674531 a composite number?
False
Is 4392505813 a prime number?
True
Is 168974989 a prime number?
True
Is 7454750038 composite?
True
Is 24648006839 a composite number?
True
Is 3938774231 composite?
True
Is 13762950671 prime?
True
Is 4114336881 composite?
True
Is 3070373861 prime?
True
Is 83000447 prime?
True
Is 39170393707 a composite number?
False
Is 965788961 a prime number?
False
Is 1103841539 a prime number?
False
Is 4665183607 prime?
False
Is 10632369629 prime?
False
Is 999008441 a composite number?
False
Is 26288329751 a prime number?
True
Is 70378862137 composite?
False
Is 16457017279 prime?
False
Is 19201634009 a composite number?
False
Is 288890093 a composite number?
False
Is 3604024717 prime?
True
Is 1349624039 a prime number?
True
Is 539427827 prime?
True
Is 10938501547 a composite number?
True
Is 11511085409 composite?
False
Is 1574648723 a prime number?
False
Is 6659776229 a composite number?
True
Is 15178749643 prime?
True
Is 1253307071 a composite number?
False
Is 5549581273 composite?
False
Is 272363605 composite?
True
Is 457020169 a prime number?
True
Is 293475374 composite?
True
Is 8065931369 a prime number?
False
Is 672961031 a composite number?
True
Is 464215387 composite?
False
Is 7061212399 a composite number?
True
Is 8050613279 a prime number?
False
Is 883381409 a composite number?
False
Is 1246139161 composite?
False
Is 10051420801 a prime number?
True
Is 6530271689 a prime number?
False
Is 1795608253 composite?
True
Is 33875881805 a composite number?
True
Is 1508176781 a composite number?
False
Is 3042728537 a composite number?
False
Is 220798951 composite?
True
Is 24656964907 composite?
False
Is 367882049 a prime number?
True
Is 69266027 prime?
True
Is 87005287 a composite number?
True
Is 2565389971 prime?
True
Is 2731114193 a prime number?
True
Is 3495431057 a composite number?
False
Is 82854133 a prime number?
True
Is 6672126631 composite?
False
Is 1974420479 composite?
False
Is 710187899 a composite number?
False
Is 15648842491 a prime number?
False
Is 663089083 a composite number?
True
Is 1081079251 composite?
True
Is 8800791401 prime?
True
Is 8815707397 a prime number?
False
Is 3692360731 a prime number?
True
Is 27712620959 a composite number?
False
Is 15379412771 a composite number?
False
Is 367377215 prime?
False
Is 103114233289 prime?
True
Is 12928518899 prime?
True
Is 582927647 prime?
True
Is 2721947927 prime?
False
Is 73388667343 prime?
True
Is 509054527 prime?
True
Is 6207537509 a prime number?
True
Is 954286127 prime?
True
Is 4635569923 a prime number?
True
Is 3569012627 a prime number?
True
Is 4472133221 prime?
True
Is 731701493 a composite number?
False
Is 555929669 a composite number?
True
Is 2046123491 prime?
False
Is 1431540581 a composite number?
False
Is 13576274279 composite?
False
Is 4597465109 a prime number?
True
Is 62539072747 a prime number?
False
Is 730514747 a prime number?
True
Is 812197367 composite?
True
Is 4145087041 a composite number?
True
Is 124142509 a prime number?
True
Is 3489600563 a prime number?
True
Is 2192303231 a prime number?
True
Is 3727856357 composite?
True
Is 1969449329 a composite number?
False
Is 46138654669 prime?
False
Is 25843003807 a composite number?
False
Is 227836957 composite?
False
Is 27615444023 a prime number?
False
Is 62101387 a composite number?
False
Is 317097305143 a prime number?
True
Is 332812409 prime?
False
Is 4846541213 a prime number?
True
Is 40955827439 a prime number?
True
Is 30639450949 composite?
False
Is 1044903751 a prime number?
False
Is 8832320223 a composite number?
True
Is 6272565539 a prime number?
True
Is 48944644033 composite?
True
Is 13066397381 prime?
False
Is 13525945859 a composite number?
True
Is 72235104103 prime?
False
Is 5509119221 a prime number?
True
Is 75134691571 a prime number?
True
Is 36862491763 a composite number?
False
Is 6540009011 composite?
False
Is 12231243173 a composite number?
False
Is 6902915993 composite?
True
Is 2641370311 a prime number?
True
Is 4376008261 prime?
True
Is 474993371 a composite number?
False
Is 1721832457 prime?
False
Is 48791678479 a prime number?
True
Is 20067875671 composite?
False
Is 2569013173 a composite number?
False
Is 191654656181 prime?
True
Is 24284084219 a composite number?
True
Is 149671334 a prime number?
False
Is 9375004591 composite?
True
Is 2586110341 composite?
False
Is 118563610001 composite?
False
Is 13858195327 a composite number?
False
Is 850562827 composite?
True
Is 217143281 prime?
True
Is 1159172981 composite?
False
Is 599674939 composite?
False
Is 2187452819 a prime number?
False
Is 15281822981 composite?
False
Is 2384998211 a prime number?
True
Is 41572538369 prime?
True
Is 4287582911 a composite number?
True
Is 44174824987 composite?
False
Is 697233853 prime?
False
Is 257963261 prime?
False
Is 20458628237 composite?
False
Is 27123461531 prime?
True
Is 43902499903 a composite number?
True
Is 201887011 a composite number?
False
Is 28276305081 composite?
True
Is 2166126301 composite?
False
Is 820221169 a prime number?
False
Is 302815151 a composite number?
True
Is 8525315879 composite?
True
Is 459829 a prime number?
True
Is 329605183 prime?
True
Is 148141907 prime?
True
Is 70502062811 a composite number?
False
Is 283550419 composite?
True
Is 69163463519 a composite number?
True
Is 246961780013 a prime number?
False
Is 267137807 composite?
True
Is 5746327761 a composite number?
True
Is 2155501643 prime?
False
Is 24164455919 a prime number?
False
Is 781882771 a composite number?
False
Is 86510499 prime?
False
Is 118191169349 composite?
True
Is 1608499777 a composite number?
True
Is 7187962739 composite?
True
Is 31447411649 prime?
True
Is 2714025319 a composite number?
False
Is 243681497 prime?
True
Is 28004716517 prime?
False
Is 476408455 a composite number?
True
Is 1938064187 prime?
True
Is 12897274571 prime?
True
Is 21612114959 a composite number?
False
Is 4267744637 a prime number?
False
Is 56567444755 composite?
True
Is 65756445607 composite?
True
Is 2588345663 prime?
True
Is 2337556211 a prime number?
True
Is 94678141127 a prime number?
True
Is 3219592169 a prime number?
False
Is 7073010773 composite?
True
Is 76212157877 a composite number?
True
Is 100366802051 a prime number?
True
Is 453350449 a composite number?
False
Is 1328760571 a prime number?
True
Is 300762407 prime?
False
Is 303580973 prime?
True
Is 304003727 composite?
False
Is 1796602621 a composite number?
True
Is 29693540363 prime?
True
Is 40997138729 a composite number?
True
Is 15470263763 a prime number?
True
Is 24903061 a prime number?
False
Is 1074549143 composite?
False
Is 1143037009 a prime number?
False
Is 2154103271 a prime number?
False
Is 1126176115 composite?
True
Is 475465637477 composite?
False
Is 576647615 a prime number?
False
Is 27967409555 composite?
True
Is 5680123121 a composite number?
False
Is 20254820039 a composite number?
True
Is 129998021 a prime number?
True
Is 44072601479 a composite number?
False
Is 9209768839 a composite number?
False
Is 1338290081 prime?
True
Is 31240463629 a composite number?
False
Is 182485881161 prime?
True
Is 24329947067 a prime number?
False
Is 3605575417 a prime number?
True
Is 155219304677 a prime number?
True
Is 32394053 a composite number?
False
Is 130968145589 a prime number?
True
Is 1418756681 composite?
False
Is 10101091079 composite?
True
Is 57772546879 a prime number?
True
Is 72617443003 a prime number?
False
Is 2626659989 a prime number?
True
Is 796078241 prime?
False
Is 126813560617 composite?
True
Is 11200686661 a prime number?
False
Is 215921977 prime?
True
Is 37852523645 prime?
False
Is 54689748137 composite?
True
Is 253844527 a composite number?
True
Is 889277821 a prime number?
False
Is 896945591 composite?
False
Is 130078980586 a composite number?
True
Is 691001189 a prime number?
True
Is 20464979 a composite number?
False
Is 367915699 prime?
True
Is 98330693 prime?
True
Is 439957937 a 